{"id":269,"date":"2025-12-29T15:55:51","date_gmt":"2025-12-29T15:55:51","guid":{"rendered":"https:\/\/skarja.de\/?page_id=269"},"modified":"2025-12-29T18:18:45","modified_gmt":"2025-12-29T18:18:45","slug":"winterwandern","status":"publish","type":"page","link":"https:\/\/skarja.de\/index.php\/winterwandern\/","title":{"rendered":"Winterwandern"},"content":{"rendered":"<div class=\"item-page\">\n<p>Lange Jahre bin ich nur im Sommer \/ Herbst im lappl\u00e4ndischen Fj\u00e4ll unterwegs gewesen.<\/p>\n<p>Aber irgendwann haben die Berichte in den schwedischen Frilufts- Zeitschriften den Wunsch geweckt auch mal eine Wintertour zu testen. Und dabei ist es nat\u00fcrlich nicht geblieben. Eine taugliche Ausr\u00fcstung wurde zusammengestellt, und nun geht es auf Skiern und mit Pulka auch im Winter hinaus ins Fj\u00e4ll.<\/p>\n<p><img loading=\"lazy\" decoding=\"async\" src=\"http:\/\/www.skarja.de\/Galerien\/winter\/wi2009\/photos\/P1000151.jpg\" alt=\"Wintersarek\" width=\"640\" height=\"360\" border=\"0\" \/><\/p>\n<p>Was kann es sch\u00f6neres geben als in der absoluten Stille der weissen Landschaft zu laufen, das Gep\u00e4ck sch\u00f6n hinter sich auf einer Pulka herziehen, und die Einsamkeit des Winters zu geniessen.<\/p>\n<p>Wobei es nicht immer einsam sein muss, und auch ein netter Abend in einer norwegischen oder schwedischen bergh\u00fctte geh\u00f6rt dazu.<\/p>\n<p>Ebenso wie das Gegacker der Schneeh\u00fchner wenn man im Zelt liegt und eigentlich schlafen will.<\/p>\n<p>Winterfj\u00e4ll<\/p>\n<div id=\"content\">\n<div id=\"colmain\">\n<div class=\"item-page\">\n<p>Das Winterfj\u00e4ll ist eine ganz besondere Landschaft.<\/p>\n<p>Durch Schnee und Wind werden die Unebenheiten ausgeglichen, Fl\u00fcsse sind oft nicht mehr als solche zu erkennen und Seen stellen auch keine grossen Hindernisse mehr dar- sie sind zumeist dick zugefroren.<br \/>\nUnglaublich ist die Weite der Landschaft im Winter, und man sp\u00fcrt wie klein man doch wirklich ist.<\/p>\n<p>&nbsp;<\/p>\n<p><img loading=\"lazy\" decoding=\"async\" src=\"https:\/\/skarja.de\/Galerien\/winter\/wi2007\/photos\/_MG_0127.jpg\" alt=\"Einsamkeit\" width=\"600\" height=\"400\" border=\"0\" \/><\/p>\n<p>Und das besondere im lappl\u00e4ndischen Fj\u00e4ll- die Nordlichter. Auch wenn man \u00f6fter nachsehen muss um sie nicht schlafend zu verpassen. Es l9hnt sich auf alle F\u00e4lle<\/p>\n<p><img loading=\"lazy\" decoding=\"async\" src=\"https:\/\/skarja.de\/Galerien\/winter\/wi2008\/photos\/CRW_0511.jpg\" alt=\"Nordlicht\" width=\"600\" height=\"400\" border=\"0\" \/><\/p>\n<p>Im Grunde ist das Winterfj\u00e4ll einfacher zu erkunden als bei einer Wanderung im Sommer oder Herbst, vorausgesetzt die Ausr\u00fcstung stimmt, man hat sich auf die K\u00e4lte eingestellt und beachtet einige Regeln zur Sicherheit.<\/p>\n<p>Nat\u00fcrlich ist es kalt. Und wer sagt es ist nur eine Gewohnheitssache- das mag sein, aber wenn es dann wirklich mal -30 Grad hat ist die Freude doch gr\u00f6ser wenn die Handschuhe etwas dicker sind, der Schlafsack warm genug und die Schneeschaufel so stabil dass sie bei festem Harsch nicht gleich zerbricht.<\/p>\n<p>&nbsp;<\/p>\n<p><a href=\"https:\/\/skarja.de\/index.php\/winterwandern\/sicherheit-im-winter\/\"><strong>Tips zur Sicherheit:<\/strong><\/a><\/p>\n<\/div>\n<\/div>\n<\/div>\n<p>&nbsp;<\/p>\n<\/div>\n","protected":false},"excerpt":{"rendered":"<p>Lange Jahre bin ich nur im Sommer \/ Herbst im lappl\u00e4ndischen Fj\u00e4ll unterwegs gewesen. Aber irgendwann haben die Berichte in den schwedischen Frilufts- Zeitschriften den Wunsch geweckt auch mal eine Wintertour zu testen. Und dabei ist es nat\u00fcrlich nicht geblieben. Eine taugliche Ausr\u00fcstung wurde zusammengestellt, und nun geht es auf Skiern und mit Pulka auch &hellip; <\/p>\n<p class=\"link-more\"><a href=\"https:\/\/skarja.de\/index.php\/winterwandern\/\" class=\"more-link\"><span class=\"screen-reader-text\">\u201eWinterwandern\u201c <\/span>weiterlesen<\/a><\/p>\n","protected":false},"author":1,"featured_media":336,"parent":0,"menu_order":0,"comment_status":"closed","ping_status":"closed","template":"","meta":{"footnotes":""},"class_list":["post-269","page","type-page","status-publish","has-post-thumbnail","hentry"],"_links":{"self":[{"href":"https:\/\/skarja.de\/index.php\/wp-json\/wp\/v2\/pages\/269","targetHints":{"allow":["GET"]}}],"collection":[{"href":"https:\/\/skarja.de\/index.php\/wp-json\/wp\/v2\/pages"}],"about":[{"href":"https:\/\/skarja.de\/index.php\/wp-json\/wp\/v2\/types\/page"}],"author":[{"embeddable":true,"href":"https:\/\/skarja.de\/index.php\/wp-json\/wp\/v2\/users\/1"}],"replies":[{"embeddable":true,"href":"https:\/\/skarja.de\/index.php\/wp-json\/wp\/v2\/comments?post=269"}],"version-history":[{"count":6,"href":"https:\/\/skarja.de\/index.php\/wp-json\/wp\/v2\/pages\/269\/revisions"}],"predecessor-version":[{"id":271,"href":"https:\/\/skarja.de\/index.php\/wp-json\/wp\/v2\/pages\/269\/revisions\/271"}],"wp:featuredmedia":[{"embeddable":true,"href":"https:\/\/skarja.de\/index.php\/wp-json\/wp\/v2\/media\/336"}],"wp:attachment":[{"href":"https:\/\/skarja.de\/index.php\/wp-json\/wp\/v2\/media?parent=269"}],"curies":[{"name":"wp","href":"https:\/\/api.w.org\/{rel}","templated":true}]}}